= -9*j**3 - 4*j**2 + 4*j. Let i be 60 + -1 - (3 + -7). Let n(w) = i*q(w) - 4*k(w). Give n(-1).
-9
Suppose 0*b - 5*b + 13 = -2*h, -3*b = -15. Let g(x) = 7*x**3 + 11*x**2 + 5. Let f(l) = 6*l**3 + 10*l**2 - l + 4. Let w(d) = h*f(d) - 5*g(d). What is w(-6)?
-1
Let d(p) be the third derivative of -p**5/60 - p**4/8 + p**3 + 447*p**2. What is d(-4)?
2
Let r(b) = 3*b. Let l(z) = 8*z + 70. Let k be l(-17). Let c = k - -65. Determine r(c).
-3
Let h(w) be the first derivative of -w**3/3 - 4*w**2 - 7*w + 411. Determine h(-8).
-7
Let p(j) = 2*j**2 + 13*j + 9. Let o be p(-6). Let s(h) = -h**3 + 2*h**2 + 2*h + 5. Let c be s(o). Let a(y) = 0*y + c*y + 2 + 0 - 5*y. Give a(-2).
8
Let n = -10 - -2. Let s = 14 + n. Let c be (s/(-4))/(6/8). Let d(p) = 2*p. Give d(c).
-4
Let f be (-621)/414 - 1*(-2)/(-4). Let j(p) = p**3 + p**2 + 1. Give j(f).
-3
Let t(l) be the second derivative of -l**3/6 + 3*l**2 + 82*l - 2. Calculate t(4).
2
Let x(j) = j**3 + 5*j**2 - 5*j - 4. Suppose 0*m - 36 = 6*m. Calculate x(m).
-10
Let s(a) = -a**3 - 5*a**2 + a + 3. Suppose 0*v + 31 = -3*v + 4*i, 5*v + 33 = 2*i. Calculate s(v).
-2
Let m(c) = 3*c**2 - 6*c + 7. Suppose -43 + 54 = l - 4*b, -l + 9 = -3*b. What is m(l)?
16
Let k(s) = s**2 - s - 4. Let c(l) = -l**3 + 13*l**2 - 18*l + 75. Let n be c(12). Determine k(n).
2
Let k(b) = -3*b**3 - 16*b**2 + 18*b + 34. Let s(c) = -8*c**3 - 49*c**2 + 54*c + 100. Let n(o) = 11*k(o) - 4*s(o). Give n(19).
-7
Let h = 6 - 4. Let k(v) = h*v + 0*v + 0*v - v + 2. Let l = 80 - 87. Give k(l).
-5
Let c(w) = 9*w - 1. Suppose 3*l - 138 = -3*k + 6*l, 3*k = -3*l + 168. Let j = -50 + k. What is c(j)?
8
Let a = 6 + -4. Let d(y) = 3 + y - 3 + a. Let f(i) = -275*i. Let k be f(0). Give d(k).
2
Let s = -11 - -5. Let y = s - -8. Let g(z) = 0 - 2*z**2 + 3 + 3*z**y + 0 - 6*z. Calculate g(5).
-2
Let n(x) = -4*x**2 + 4*x + 11. Let a(y) = y**2 - y - 3. Let c(g) = -5*a(g) - n(g). What is c(-3)?
-8
Let m(j) be the first derivative of -6*j**3 + j**2 + j - 319. Give m(-1).
-19
Let x(i) be the third derivative of -i**7/5040 - i**6/360 - 4*i**5/15 + i**2. Let f(h) be the third derivative of x(h). Determine f(2).
-4
Let x = 676 - 674. Let t(o) = -3*o**3 + 3*o - 1. What is t(x)?
-19
Let n(q) = 2*q**2 - q - 4. Let y be n(2). Let c(t) = -8 + 4*t + y*t - 3*t - 2*t. Calculate c(0).
-8
Suppose -1 = -4*v + 15, -4*z - v = -24. Suppose -3*l + 0*q = 3*q - 51, 2*l = 4*q + 22. Let m(x) = -18 + 2 + l + 5*x**2 - x**3 + 4*x. Give m(z).
19
Let m = 19 + -10. Let p be 5/((-45)/6)*15. Let f = p + m. Let x(s) = -5*s**3 - s**2 + s + 1. What is x(f)?
4
Let w(z) = -z**2 - 12*z - 1. Suppose -10 = 12*i + 134. What is w(i)?
-1
Suppose -4*h + 8 = -q, -2 = -3*h + 2*q + 4. Let s(o) = h*o**2 - 4 - o**2 + 5*o - 2*o**2 + 11. Determine s(5).
7
Let v(y) be the second derivative of -1/12*y**4 - 9*y + 0 - 1/2*y**3 + 2*y**2. Suppose -5*p + 30 = -4*x, 0 = -4*x + 5*p - p - 28. Give v(x).
-6
Suppose 0 = -2*f - 2*v + 2, 2*f + 0*v = 5*v - 19. Let h(y) = 4 + 5*y - 4. What is h(f)?
-10
Let u(y) be the first derivative of -y**3/3 - 13*y**2/2 - 17*y + 6. Let l be u(-12). Let c(s) = s**3 + 5*s**2 - s. Determine c(l).
5
Let h(n) = -5 - 6 + 10 + 3*n**2 - n + 0. Give h(-1).
3
Let q(f) = 3*f**2 - 7*f + 4. Let t(d) = -2*d**3 - 8*d**2 - 8*d - 3. Let s be t(-3). What is q(s)?
10
Let p = 261 - 252. Let m(t) = -t**3 + 7*t**2 + 13*t + 3. What is m(p)?
-42
Suppose 0 = -13*s + 9*s + 36. Let g(o) = -4 + 26*o + s - 27*o. Determine g(5).
0
Suppose 0*k = -9*k - 45. Let g(o) = -5*o**2 - 8*o + 1. Let r(t) = -t**2 - t. Let l(q) = g(q) - 4*r(q). Calculate l(k).
-4
Let j(v) = v**3 - 5*v**2 - 7*v + 6. Suppose 0 = 21*u - 22*u. Suppose 0 = -2*x + 3*o + 3, 2*o + u*o = 6. Determine j(x).
0
Let i be 18/30 - (-4)/10. Let m be 4*i/4*-3. Let a(t) = 25*t - t**3 - 2*t**2 + 0*t**2 - 53*t - 4 + 27*t. Give a(m).
8
Let w(d) = d**2 - 4*d - 2. Let x = -12 + 1. Let y = -4 - x. Let o = y - 1. What is w(o)?
10
Let w(o) be the third derivative of -o**6/120 - o**5/10 - o**4/6 - 5*o**3/6 - 3*o**2. Suppose 0 = -9*s - s - 50. Calculate w(s).
-10
Let s(o) = -2*o**2 + 5*o - 2. Let v = 9 - -6. Suppose -w + 5*a - 13 = 0, -5*w + 3*a + 70 = 5*a. Let b = v - w. What is s(b)?
-5
Let k(s) = 6*s - 1. Let f = 100 - 56. Let m = 45 - f. Give k(m).
5
Let x be (21/15)/((-4)/(-10)). Let q(y) be the first derivative of -3*y + x*y**2 - 1/3*y**3 - 12. Determine q(5).
7
Suppose 4*t - 25 = -t. Suppose -t*o = -0*o - 30. Let f(d) = -d**3 + 6*d**2 - 4. Determine f(o).
-4
Let h = -23622 + 23620. Let t(w) be the first derivative of -5*w**2/2 - 2*w + 1. What is t(h)?
8
Suppose 4*z - 38 = -18. Suppose t - 8 = -3*d + z, -5*t = d + 5. Let p(h) = h**2 - 7*h + 4. What is p(d)?
-6
Let t(r) = -r**3 + r. Let y(i) = i**3 + 10*i**2 - 12*i + 10. Let l = 138 - 140. Let k(c) = l*t(c) - y(c). Give k(9).
-1
Let n(o) = -o**2 + 4*o + 5. Suppose 2*i + 7 = -s - 2, -2*s = 6. Let f be (-15)/i - (2 + -4)/(-2). Determine n(f).
5
Let x(b) be the third derivative of -b**5/60 + 5*b**4/12 - 2*b**3 - 15*b**2. Let o(w) = w - 7. Let s be o(10). Suppose -6*z + 27 = -s*z. What is x(z)?
-3
Let f(q) be the second derivative of q**5/20 - q**4/2 + q**3/6 - 3*q**2/2 + q + 2. Determine f(6).
3
Let p(d) = -d + 4. Let y(i) = 5*i - 25. Let g(b) = 4*p(b) + y(b). Let q be -5 + 3 + (-1 - -12). Determine g(q).
0
Let j(u) = 3*u**3 - 2*u**2 - 8*u + 15. Let t(f) = f**3 - f**2 - 3*f + 8. Let q(k) = -2*j(k) + 5*t(k). Calculate q(0).
10
Let u = 39 + -36. Let m(t) = 43 - 89 - u*t**2 - 2*t + 44 + 2*t**2. Give m(-3).
-5
Let g = -14 - -16. Suppose 4*r - 1 - 31 = 0. Suppose -2*p + 5*p = 6, 4*x - g*p = -r. Let m(w) = 4*w. What is m(x)?
-4
Let j be (46/(-161))/(1/(-14)). Let d(m) = -2*m**2 + 3*m + 1. Determine d(j).
-19
Let z(u) be the first derivative of u**2/2 - 4*u - 73. Determine z(5).
1
Let q(f) = -11*f**2 + f**2 - 16 - 9*f**3 + f - 2*f**2 + 10*f**3. Calculate q(12).
-4
Let h(b) be the third derivative of b**4/24 + 2*b**3/3 + 2*b**2 - 119. Suppose -u = -5*s + 22, 3*u + 2*u - 3*s + 22 = 0. Give h(u).
2
Let z = 484 - 475. Let c(j) = -j**3 + 9*j**2 - 5*j + 5. What is c(z)?
-40
Let b(z) = 8*z**3 - 3*z**2 - 4*z. Let d(y) = 7*y**3 - 4*y**2 - 5*y. Let c(a) = 4*b(a) - 3*d(a). Let v = 37 - 26. Suppose 0 = -v*i - 11. Determine c(i).
-10
Let s(n) be the second derivative of n**5/20 - n**3/2 + 5*n**2 + 3*n + 96. Calculate s(0).
10
Let m be (7/21)/(2/732). Let d(l) = 6*l**2 + 10 - 3 + 7*l - 123*l**3 + m*l**3. What is d(7)?
7
Let p(g) be the third derivative of -g**4/24 - g**3/2 + g**2. Let y(k) be the third derivative of k**4/6 + 2*k**3 - 31*k**2. Let h be y(-3). Give p(h).
-3
Suppose 2*m - z = -28, -4*z = -5*m + 2*m - 37. Let j(a) = a**3 + 15*a**2 + 9. Give j(m).
9
Let i(t) = 4*t**2 - 11*t - 5. Let c(s) = -3*s**2 + 10*s + 5. Let b(y) = 5*c(y) + 4*i(y). Suppose 0 = 3*h - 6 + 21. What is b(h)?
0
Let d be -3*(-3 + 5 + -3). Let i(y) = y**3 - 2*y**2 - 4*y + 3. Give i(d).
0
Let o(c) be the first derivative of -c**4/4 + c**3/3 + c**2/2 - c - 46. What is o(3)?
-16
Let j(i) = i**3 + 4*i**2 + i - 1. Let f = 55 - 43. Suppose 15 = 7*c - f*c. Give j(c).
5
Let m(p) = -p**3 - 7*p**2 - 5*p + 7. Suppose 0 = -21*c - 26 - 79. What is m(c)?
-18
Let n(d) = 2*d**2 - 2*d + 3. Let p(o) = 5*o**2 - o**2 - o**2 - o**2 + 3*o. Let l be p(-2). Determine n(l).
7
Let u(l) = -l**3 + 7*l**2 - 5*l - 5. Let a = 44 - 44. Let k be a + (-11)/(44/(-24)) - 0. What is u(k)?
1
Let o(m) = 2*m + 0*m + m + 7 - 9. Calculate o(3).
7
Let f(x) = -10*x - 8*x - 14*x + 31*x. Let u = 9 - 6. Suppose n - 3 = -b + u*b, 5 = -5*b. What is f(n)?
-1
Let k(d) = 2*d**3 + 15*d**2 + 11*d + 13. Let h(x) = -3*x**3 - 23*x**2 - 17*x - 20. Let y(w) = 5*h(w) + 8*k(w). What is y(-5)?
-11
Let m be (1/2)/(1136/(-160) - -7). Suppose 2*b + 4 = 5*f, -f - 4 = -4*b - 12. Let g(o) = -o + 3*o + o**3 + f*o - 5*o + 4*o**2. Give g(m).
-10
Let q(z) = 13*z**2 - 2. Let t(k) be the first derivative of 14*k**3/3 - 3*k + 6. Let g(w) = -4*q(w) + 3*t(w). Give g(1).
-11
Let v be 12/((-2)/(-2) - 2). Let x be 5/3 + (-4)/v. Suppose -b + x = -0*b. Let i(u) = 2*u**2 - 1. Determine i(b).
7
Let t(i) = 2*i**2 - 4*i + 1. Let o(m) = m**2 - 3*m. Let d(r) = -3*o(r) + 2*t(r). Let y be d(0). Let k(c) = c + 3*c + c**y - 3*c + 3*c - 4. Give k(-4).
-4
Let q(v) be the second derivative of -v**5/20 + 11*v**4/6 + 11*v**3/3 + 23*v**2/2 - 339*v. Determine q(23).
0
Let o(j) be